{"id":333,"date":"2024-01-22T12:15:51","date_gmt":"2024-01-22T11:15:51","guid":{"rendered":"https:\/\/www.edilog.de\/network\/?page_id=333"},"modified":"2025-09-29T13:19:58","modified_gmt":"2025-09-29T11:19:58","slug":"portfolio","status":"publish","type":"page","link":"https:\/\/www.edilog.de\/network\/portfolio\/","title":{"rendered":"Portfolio"},"content":{"rendered":"<h1>Unser Service-Portfolio im \u00dcberblick<\/h1>\n<p>Wir bieten Ihnen individuelle, auf Sie zugeschnittene B\u00fcro- und IT-Dienstleistungen. Ob es um die Unterst\u00fctzung im Finanz- und Rechnungswesen, die erste Beratung auf dem Weg zu digitalen Prozessen oder die detaillierte Konzeption und Umsetzung Ihrer Digitalisierungsprojekte geht.<\/p>\n<p>Hier finden Sie die passende Dienstleistung!<\/p>\n<h1>B\u00fcro-Dienstleistungen<\/h1>\n<ul>\n<li style=\"list-style-type: none;\">\n<ul>\n<li><a title=\"Buchen lfd. Gesch\u00e4ftsvorf\u00e4lle\" href=\"https:\/\/www.edilog.de\/network\/buchen-lfd-geschaeftsvorfaelle\/\">Buchen lfd. Gesch\u00e4ftsvorf\u00e4lle<\/a>*<\/li>\n<li>Offene-Posten-Verwaltung mit kfm. Mahnwesen<\/li>\n<li>Fakturierung Ihrer Leistungen<\/li>\n<li>Betriebswirtschaftliche Auswertung und Controlling<\/li>\n<li>Unterst\u00fctzung bei der Organisation des digitalen B\u00fcrobetriebs<\/li>\n<li><a title=\"Inhouse-Seminare Buchhaltung\" href=\"https:\/\/www.edilog.de\/network\/inhouse-seminare-buchhaltung\/\">Inhouse-Seminare zum Thema Buchhaltung<br \/>\n<\/a><\/li>\n<\/ul>\n<\/li>\n<\/ul>\n<h1>IT-Dienstleistungen<\/h1>\n<ul>\n<li style=\"list-style-type: none;\">\n<ul>\n<li>ORACLE &amp; Microsoft Datenbank-Technologien<\/li>\n<li>Individuelle Data Warehouse (DWH) L\u00f6sungen als zentrale, einheitliche Datenbasis \u00fcber alle Unternehmensbereiche<\/li>\n<li>Moderne KI gest\u00fctzte Business Intelligence (BI) Systeme zur schnellen Auswertung gro\u00dfer Datenmengen f\u00fcr ein effizientes Reporting und Data Analytics<\/li>\n<li>Best Practices der Datenbanksicherheit zur Etablierung eines geeigneten und individuellen Datenbank-Sicherheitsniveaus<\/li>\n<\/ul>\n<\/li>\n<\/ul>\n<p><em><strong>*\u00a0<\/strong>Die Hilfestellung beim Buchen lfd. Gesch\u00e4ftsvorf\u00e4lle erfolgt ausschlie\u00dflich gem\u00e4\u00df \u00a7 6 Nr. 3 und 4 StBerG. Es erfolgt keine Hilfeleistung und Beratung in Steuersachen. Gerne zeigen wir Ihnen unverbindlich den Mehrwert auf, den wir f\u00fcr Sie generieren k\u00f6nnen.<\/em><\/p>\n<p>Gerne informieren wir Sie unverbindlich \u00fcber die M\u00f6glichkeiten unserer Dienstleistungen. <strong>Wir freuen uns auf Ihre Kontaktaufnahme!<\/strong><\/p>\n<p><a href=\"https:\/\/www.edilog.de\/network\/kontakt-2\/\"><img decoding=\"async\" loading=\"lazy\" class=\"size-medium wp-image-295 aligncenter\" src=\"https:\/\/www.edilog.de\/network\/wp-content\/uploads\/sites\/6\/2023\/11\/ButtonJetztInformieren-300x45.png\" alt=\"Business Intelligence - Jetzt unverbindlich informieren\" width=\"300\" height=\"45\" srcset=\"https:\/\/www.edilog.de\/network\/wp-content\/uploads\/sites\/6\/2023\/11\/ButtonJetztInformieren-300x45.png 300w, https:\/\/www.edilog.de\/network\/wp-content\/uploads\/sites\/6\/2023\/11\/ButtonJetztInformieren-1024x153.png 1024w, https:\/\/www.edilog.de\/network\/wp-content\/uploads\/sites\/6\/2023\/11\/ButtonJetztInformieren-768x115.png 768w, https:\/\/www.edilog.de\/network\/wp-content\/uploads\/sites\/6\/2023\/11\/ButtonJetztInformieren.png 1181w\" sizes=\"(max-width: 300px) 100vw, 300px\" \/><\/a><\/p>\n","protected":false},"excerpt":{"rendered":"<p>Unser Service-Portfolio im \u00dcberblick Wir bieten Ihnen individuelle, auf Sie zugeschnittene B\u00fcro- und IT-Dienstleistungen. Ob es um die Unterst\u00fctzung im Finanz- und Rechnungswesen, die erste Beratung auf dem Weg zu digitalen Prozessen oder die detaillierte Konzeption und Umsetzung Ihrer Digitalisierungsprojekte geht. Hier finden Sie die passende Dienstleistung! B\u00fcro-Dienstleistungen Buchen lfd. Gesch\u00e4ftsvorf\u00e4lle* Offene-Posten-Verwaltung mit kfm. Mahnwesen &hellip; <\/p>\n<p class=\"link-more\"><a href=\"https:\/\/www.edilog.de\/network\/portfolio\/\" class=\"more-link\"><span class=\"screen-reader-text\">\u201ePortfolio\u201c<\/span> weiterlesen<\/a><\/p>\n","protected":false},"author":2,"featured_media":0,"parent":0,"menu_order":0,"comment_status":"closed","ping_status":"closed","template":"","meta":[],"aioseo_notices":[],"_links":{"self":[{"href":"https:\/\/www.edilog.de\/network\/wp-json\/wp\/v2\/pages\/333"}],"collection":[{"href":"https:\/\/www.edilog.de\/network\/wp-json\/wp\/v2\/pages"}],"about":[{"href":"https:\/\/www.edilog.de\/network\/wp-json\/wp\/v2\/types\/page"}],"author":[{"embeddable":true,"href":"https:\/\/www.edilog.de\/network\/wp-json\/wp\/v2\/users\/2"}],"replies":[{"embeddable":true,"href":"https:\/\/www.edilog.de\/network\/wp-json\/wp\/v2\/comments?post=333"}],"version-history":[{"count":0,"href":"https:\/\/www.edilog.de\/network\/wp-json\/wp\/v2\/pages\/333\/revisions"}],"wp:attachment":[{"href":"https:\/\/www.edilog.de\/network\/wp-json\/wp\/v2\/media?parent=333"}],"curies":[{"name":"wp","href":"https:\/\/api.w.org\/{rel}","templated":true}]}}